- 2) - -3?
4
Let m = -1 + 3. Suppose u + 0*u = 3. Suppose -m*d + u = d. What is the units digit of d?
1
Let m be (-15)/(-2)*8/(-6). What is the tens digit of (-156)/m - 6/10?
1
Let i be (-168)/18*3/(-2). Let f be (-2)/7 + 172/i. What is the units digit of (-2)/f + 273/18?
5
Let f = -1 - -3. Let k = 10 - f. What is the units digit of k?
8
Let s be -2 + 1 + (5 - 2). Suppose -s*c = 3*c - 2*v - 1, -3*v = 9. What is the tens digit of ((-21)/(-2))/(c/(-2))?
2
Let k = -3 - 3. Let j = -21 + 23. What is the units digit of (j - 0 - k)/1?
8
Suppose -25 = -3*k + 2. Let f = -6 + k. What is the units digit of f?
3
Let p = 0 - 0. Suppose 0 = -n - p + 6. Let j = n + -1. What is the units digit of j?
5
Let j = 16 + 45. Suppose 0 = 5*z - 4*m - j, -3*z = -m - 4*m - 47. What is the units digit of z?
9
Let l(q) = -q**3 - 5*q**2 - 5*q - 3. What is the units digit of l(-4)?
1
Let c(x) = 3*x + 0*x - 4*x + 7*x + 3. Let z(j) = 5*j + 4. Let i(f) = 3*c(f) - 2*z(f). What is the units digit of i(1)?
9
Let q(i) = -16*i. Let x be q(1). Let b = x - -30. Let y = b - -3. What is the tens digit of y?
1
What is the units digit of (-102)/(-14) + (-30)/105?
7
What is the tens digit of 38/285 + 2606/30?
8
Let p(c) = -c**2 + 18*c + 26. What is the units digit of p(17)?
3
Let t(n) = 5*n**3 + 4*n**2 - 6*n + 4. What is the units digit of t(3)?
7
Suppose 4*m = 2*s - 62, -4*s = -0*s - 2*m - 142. What is the tens digit of 18/(-6) + s*1?
3
Let f(g) = 15*g**2. Let a be f(1). Let q = a - -11. What is the tens digit of q?
2
Suppose -140 = -3*z - 2*z. Let r = -19 + z. What is the units digit of r?
9
Let i = 3 + -7. Let n be (-5)/(-1)*i/(-5). Suppose n*m = -3*a + 24, -m - 2*a - 2*a = -19. What is the units digit of m?
3
Let d(z) = z**3 + 8*z**2 + 7*z + 3. What is the tens digit of d(-5)?
4
What is the units digit of 4 + -8 - (-85 - 0)?
1
Let s = -59 - -32. Let h = 19 - s. Suppose -4*u - 16 = -3*p + h, 0 = -5*p - u + 65. What is the units digit of p?
4
Let s be (2544/(-40))/(3/(-10)). Suppose 0 = -4*h + 2*n + s, -h - 2*n = h - 94. Suppose -4*g = -h - 21. What is the units digit of g?
8
Suppose -4*w = p - 244, -3*w = 2*p - w - 470. What is the hundreds digit of p?
2
Let a(b) be the third derivative of b**6/120 + b**5/6 + b**3/3 - 4*b**2. What is the units digit of a(-10)?
2
Suppose 128 = -6*b + 2*b. Let f = -16 - b. What is the tens digit of f?
1
Let h = -15 + 16. Let f = -1 - -1. Let v = h - f. What is the units digit of v?
1
Let l(p) = 3*p**2 - 1. Let t be l(1). Let w(d) = d**2 + 1. Let y be w(t). Suppose 9 = 3*i + 2*f - 9, 0 = -i + y*f + 23. What is the units digit of i?
8
Suppose -5 = -o - 3, 0 = -m - 5*o + 4. Let d be m/15 - (-4)/10. Suppose 0 = 2*p + 2, 3*w + p + d*p - 14 = 0. What is the units digit of w?
5
Let s = 1 + 1. Suppose -p + s = -2. Let d = 4 + p. What is the units digit of d?
8
Suppose -h = -5*u - 22, 0 = -u + 2*h - 4*h. Let p be (-16)/u*2/4. What is the units digit of (-9)/(-6)*p + 13?
6
Let a(n) be the second derivative of -n**5/20 - n**4/6 + n**3 + n**2 + 4*n. What is the tens digit of a(-4)?
1
Let q be 2/6*9 + 1. Suppose 2*s - 162 = -q*s. What is the units digit of s?
7
Let s(f) = 3*f - 1. Let t(k) = k**3 - 3*k**2 - 4*k + 1. Let x be (-14)/(-4) - (-3)/6. Let y be t(x). What is the units digit of s(y)?
2
Let u = 122 + -68. What is the tens digit of u?
5
Let y(t) = -t**3 + 6*t**2 - 7*t + 5. Let v be y(4). What is the units digit of -6*(-4)/18*v?
2
Suppose 4*o + 14 = 6*o. Suppose -4*v = z - o, -5*z - v = -2*v - 35. What is the units digit of z?
7
Let l(a) = -a**2 - 46*a - 45. Let b(d) = 9*d + 9. Let r(s) = -11*b(s) - 2*l(s). What is the tens digit of r(6)?
2
What is the tens digit of 53*(4 + 0 + -3)?
5
Suppose -o - 3*n + 67 = 0, 2*o - 23 = -n + 121. What is the tens digit of o?
7
Suppose -4*l - 90 = 58. Let c = l - -61. What is the units digit of c?
4
Let c(l) = 2*l - 6. Let y = -9 - -14. What is the units digit of c(y)?
4
Suppose j - 1 - 5 = 0. Suppose k = -2*r + 13, -j*r + 5 = -5*k - 2*r. What is the units digit of k?
3
Let h = 9 - 9. Let o = h + 4. What is the units digit of o?
4
Let b(v) = 2*v**3 + 9*v**2 + 4*v + 5. Let m(q) = q**3 + q**2 + 1. Let h(a) = -b(a) + 3*m(a). What is the tens digit of h(7)?
1
Let d(k) = k - 5. Let m(n) = -n + 10. Let z(a) = -5*d(a) - 3*m(a). What is the units digit of z(-4)?
3
Let n(h) be the third derivative of 0 + 1/120*h**6 + h**3 + 0*h**4 + 1/60*h**5 + 0*h - h**2. What is the units digit of n(0)?
6
Suppose -4*n + 5*k - 64 = 0, -5*k = -5*n - 2*k - 67. Let a be 1*-57*(-4)/12. Let v = n + a. What is the units digit of v?
8
Suppose -4*l - 3*k = 4, -l - 4*l + 5*k = -30. Suppose -2*i = l*i - 48. Let d = i + 5. What is the units digit of d?
7
Let z = -12 + 39. What is the units digit of z?
7
Let d(r) be the first derivative of -5/3*r**3 + 2 - 1/4*r**4 - 1/2*r**2 - 4*r. What is the units digit of d(-5)?
1
Let t(n) = -n**3 + 22*n**2 + 23*n + 29. What is the units digit of t(23)?
9
Let g(b) = 5*b - 1. Let s be g(1). What is the tens digit of (-3 + s)*(-1 + 12)?
1
Suppose 0 = -30*i + 27*i + 78. What is the units digit of i?
6
Suppose 0 = z - 1 - 1. Suppose 5*w + u = 2*w + 51, 2*w - 34 = z*u. What is the units digit of w?
7
Suppose 2*n + 2*a = 108, 5*n + 4*a = 39 + 231. What is the units digit of n?
4
Suppose -2*v - 3*k + 104 = 0, -v + 2*v - 3*k - 34 = 0. What is the units digit of v?
6
Suppose 0 = 5*a + 3 - 38. Suppose i - 4 = 3*i, -5*m + i + a = 0. What is the units digit of m - (1 + -2) - -7?
9
Let t(w) = -3*w**2 + 2 + w**3 - w**3 + 3*w - w**3 - 7. Let l be t(-4). What is the units digit of (l - (1 - 3))/1?
1
What is the units digit of 52/(-130) + 834/10?
3
Let l(v) = -41*v**2 + 1. Let j be l(-1). Let d be ((-9)/18)/((-1)/j). What is the units digit of -2 - d*(-2)/(-2)?
8
Let h be -4 + (-6)/(-6 + 3). What is the units digit of h*(-1 - 21/6)?
9
Let b = 148 - 58. What is the tens digit of b?
9
What is the hundreds digit of ((-1224)/(-96))/((-21)/(-20) - 1)?
2
Let v(o) be the first derivative of -1/4*o**4 - o - o**3 + 2 - 1/2*o**2. What is the units digit of v(-3)?
2
Suppose -4*i - 11 = -3*p - 0*p, p - 2*i - 3 = 0. Suppose -20 = 2*w - p*w + 4*b, -2*w = 4*b. What is the tens digit of 9 + w + -1 + -1?
1
Let z(d) = -d**2 + 7*d - 7. Let c be z(7). Let p(y) = y**3 + 7*y**2 - y - 8. Let x be p(c). Let a = 3 - x. What is the units digit of a?
4
What is the units digit of 2*4/((-32)/(-188))?
7
Let p(f) be the first derivative of -5*f**2 + 3*f + 3. What is the units digit of p(-2)?
3
Let z = -1 + 1. Suppose 0 = -l - z - 1. Let a = 8 + l. What is the units digit of a?
7
Suppose 3*r = -2*r - 2*a + 35, 10 = 2*a. Suppose -r*q + 4*q + 5 = 0. Suppose -q*k + 2*k + 48 = 0. What is the tens digit of k?
1
Suppose -4*y - 85 + 389 = 0. What is the units digit of y?
6
Suppose 1 = -h + 3, 3*z + 2*h = 19. Suppose 4*t - 88 = -z*x, 0 = 2*t - 5*x - 26 - 18. Suppose -5*v - 3*a = -t, v - a + 6 = 2*v. What is the units digit of v?
2
Suppose 134*k - 138*k + 660 = 0. What is the hundreds digit of k?
1
What is the units digit of 4/14 - 2779/(-49)?
7
Suppose 5*q = -0*q + 165. What is the tens digit of q?
3
Let n = 233 + -113. Let w be (-12)/10*n/(-9). Let q = w - 11. What is the units digit of q?
5
Let l be (1*8)/(-1 - 0). Let u = -4 - l. What is the units digit of u?
4
Let s(x) = 9*x - 1. Let n be s(4). Let c = 60 - n. What is the units digit of c?
5
Suppose 2*n - 8 + 4 = 2*y, n - 5*y + 2 = 0. Let l = n - -6. What is the units digit of l?
9
Suppose 4*u - 9*u = 2*p - 23, 4*p - 2*u = 10. Suppose p*s = 2*s. Suppose 2*g + 2*g - 20 = s. What is the units digit of g?
5
Let v(c) = 2*c - 2. Suppose 13 + 7 = 5*r. What is the units digit of v(r)?
6
Let q be 1 + 226/(0 - -2). What is the units digit of q/9 + (-1)/(-3)?
3
Suppose -5*n - 3*t = -15, 0*n - 2*t + 10 = -4*n. Suppose -2*m + 7*m - 50 = n. What is the tens digit of m?
1
Let q = 48 + 2. What is the tens digit of q?
5
Suppose t = 4*t - 6. Let m be ((-2)/1)/(t/(-3)). Suppose 5*q = 4*c - 36, c - m*q - 27 = -2*c. What is the units digit of c?
9
Let s be 15/9*(-9)/(-3). Suppose -4*i + 65 - s = 0. What is the tens digit of i?
1
Let r = 60 + -25. What is the tens digit of r?
3
Let c be 3 - (-7 + 1) - 2. Suppose 4*g - 3*j = -40, 15 = -2*g + 3*j - 5. What is the tens digit of 28/(-4)*g/c?
1
Suppose 0 = -v - 2*v - 42. What is the units digit of (